{"id":11,"date":"2019-11-15T19:45:43","date_gmt":"2019-11-15T18:45:43","guid":{"rendered":"http:\/\/abantoun.com\/?page_id=11"},"modified":"2022-01-12T21:45:41","modified_gmt":"2022-01-12T20:45:41","slug":"savoir-faire","status":"publish","type":"page","link":"https:\/\/www.abantoun.com\/index.php\/savoir-faire\/","title":{"rendered":"Savoir-Faire"},"content":{"rendered":"\t\t<div data-elementor-type=\"wp-page\" data-elementor-id=\"11\" class=\"elementor elementor-11\">\n\t\t\t\t\t\t<section class=\"elementor-section elementor-top-section elementor-element elementor-element-5f9eed2 elementor-section-content-middle elementor-section-boxed elementor-section-height-default elementor-section-height-default\" data-id=\"5f9eed2\" data-element_type=\"section\" data-e-type=\"section\">\n\t\t\t\t\t\t<div class=\"elementor-container elementor-column-gap-no\">\n\t\t\t\t\t<div class=\"elementor-column elementor-col-100 elementor-top-column elementor-element elementor-element-5d4f5638\" data-id=\"5d4f5638\" data-element_type=\"column\" data-e-type=\"column\">\n\t\t\t<div class=\"elementor-widget-wrap elementor-element-populated\">\n\t\t\t\t\t\t<section class=\"elementor-section elementor-inner-section elementor-element elementor-element-45f9dccb elementor-section-content-middle elementor-section-boxed elementor-section-height-default elementor-section-height-default\" data-id=\"45f9dccb\" data-element_type=\"section\" data-e-type=\"section\">\n\t\t\t\t\t\t<div class=\"elementor-container elementor-column-gap-no\">\n\t\t\t\t\t<div class=\"elementor-column elementor-col-33 elementor-inner-column elementor-element elementor-element-44535b01\" data-id=\"44535b01\" data-element_type=\"column\" data-e-type=\"column\">\n\t\t\t<div class=\"elementor-widget-wrap elementor-element-populated\">\n\t\t\t\t\t\t<div class=\"elementor-element elementor-element-5843402e elementor-widget elementor-widget-image\" data-id=\"5843402e\" data-element_type=\"widget\" data-e-type=\"widget\" data-widget_type=\"image.default\">\n\t\t\t\t<div class=\"elementor-widget-container\">\n\t\t\t\t\t\t\t\t\t\t\t\t\t\t\t<img fetchpriority=\"high\" decoding=\"async\" width=\"995\" height=\"1024\" src=\"https:\/\/www.abantoun.com\/wp-content\/uploads\/2021\/12\/Modelisation_3D_Pointage-e1640161619386-995x1024.jpeg\" class=\"attachment-large size-large wp-image-1670\" alt=\"\" srcset=\"https:\/\/www.abantoun.com\/wp-content\/uploads\/2021\/12\/Modelisation_3D_Pointage-e1640161619386-995x1024.jpeg 995w, https:\/\/www.abantoun.com\/wp-content\/uploads\/2021\/12\/Modelisation_3D_Pointage-e1640161619386-292x300.jpeg 292w, https:\/\/www.abantoun.com\/wp-content\/uploads\/2021\/12\/Modelisation_3D_Pointage-e1640161619386-768x790.jpeg 768w, https:\/\/www.abantoun.com\/wp-content\/uploads\/2021\/12\/Modelisation_3D_Pointage-e1640161619386.jpeg 1170w\" sizes=\"(max-width: 995px) 100vw, 995px\" \/>\t\t\t\t\t\t\t\t\t\t\t\t\t\t\t<\/div>\n\t\t\t\t<\/div>\n\t\t\t\t\t<\/div>\n\t\t<\/div>\n\t\t\t\t<div class=\"elementor-column elementor-col-33 elementor-inner-column elementor-element elementor-element-27137efc\" data-id=\"27137efc\" data-element_type=\"column\" data-e-type=\"column\">\n\t\t\t<div class=\"elementor-widget-wrap elementor-element-populated\">\n\t\t\t\t\t\t<div class=\"elementor-element elementor-element-421b20b8 elementor-widget elementor-widget-heading\" data-id=\"421b20b8\" data-element_type=\"widget\" data-e-type=\"widget\" data-widget_type=\"heading.default\">\n\t\t\t\t<div class=\"elementor-widget-container\">\n\t\t\t\t\t<h2 class=\"elementor-heading-title elementor-size-default\">Impression 3D<\/h2>\t\t\t\t<\/div>\n\t\t\t\t<\/div>\n\t\t\t\t\t<\/div>\n\t\t<\/div>\n\t\t\t\t<div class=\"elementor-column elementor-col-33 elementor-inner-column elementor-element elementor-element-4a7f17a8\" data-id=\"4a7f17a8\" data-element_type=\"column\" data-e-type=\"column\">\n\t\t\t<div class=\"elementor-widget-wrap elementor-element-populated\">\n\t\t\t\t\t\t<div class=\"elementor-element elementor-element-42c1ae1f elementor-widget elementor-widget-image\" data-id=\"42c1ae1f\" data-element_type=\"widget\" data-e-type=\"widget\" data-widget_type=\"image.default\">\n\t\t\t\t<div class=\"elementor-widget-container\">\n\t\t\t\t\t\t\t\t\t\t\t\t\t\t\t<img decoding=\"async\" width=\"528\" height=\"769\" src=\"https:\/\/www.abantoun.com\/wp-content\/uploads\/2022\/01\/Realisation.png\" class=\"attachment-large size-large wp-image-1840\" alt=\"\" srcset=\"https:\/\/www.abantoun.com\/wp-content\/uploads\/2022\/01\/Realisation.png 528w, https:\/\/www.abantoun.com\/wp-content\/uploads\/2022\/01\/Realisation-206x300.png 206w\" sizes=\"(max-width: 528px) 100vw, 528px\" \/>\t\t\t\t\t\t\t\t\t\t\t\t\t\t\t<\/div>\n\t\t\t\t<\/div>\n\t\t\t\t\t<\/div>\n\t\t<\/div>\n\t\t\t\t\t<\/div>\n\t\t<\/section>\n\t\t\t\t<section class=\"elementor-section elementor-inner-section elementor-element elementor-element-53398392 elementor-section-content-middle elementor-section-boxed elementor-section-height-default elementor-section-height-default\" data-id=\"53398392\" data-element_type=\"section\" data-e-type=\"section\">\n\t\t\t\t\t\t<div class=\"elementor-container elementor-column-gap-no\">\n\t\t\t\t\t<div class=\"elementor-column elementor-col-33 elementor-inner-column elementor-element elementor-element-4d95e262\" data-id=\"4d95e262\" data-element_type=\"column\" data-e-type=\"column\">\n\t\t\t<div class=\"elementor-widget-wrap elementor-element-populated\">\n\t\t\t\t\t\t<div class=\"elementor-element elementor-element-3e40b8da elementor-widget elementor-widget-heading\" data-id=\"3e40b8da\" data-element_type=\"widget\" data-e-type=\"widget\" data-widget_type=\"heading.default\">\n\t\t\t\t<div class=\"elementor-widget-container\">\n\t\t\t\t\t<h2 class=\"elementor-heading-title elementor-size-default\">Mod\u00e9lisation 3D<\/h2>\t\t\t\t<\/div>\n\t\t\t\t<\/div>\n\t\t\t\t\t<\/div>\n\t\t<\/div>\n\t\t\t\t<div class=\"elementor-column elementor-col-33 elementor-inner-column elementor-element elementor-element-227097d2\" data-id=\"227097d2\" data-element_type=\"column\" data-e-type=\"column\">\n\t\t\t<div class=\"elementor-widget-wrap elementor-element-populated\">\n\t\t\t\t\t\t<div class=\"elementor-element elementor-element-2994a0c2 elementor-widget elementor-widget-image\" data-id=\"2994a0c2\" data-element_type=\"widget\" data-e-type=\"widget\" data-widget_type=\"image.default\">\n\t\t\t\t<div class=\"elementor-widget-container\">\n\t\t\t\t\t\t\t\t\t\t\t\t\t\t\t<img decoding=\"async\" width=\"733\" height=\"1024\" src=\"https:\/\/www.abantoun.com\/wp-content\/uploads\/2021\/12\/Impression_3D_Filament-733x1024.jpeg\" class=\"attachment-large size-large wp-image-1668\" alt=\"\" srcset=\"https:\/\/www.abantoun.com\/wp-content\/uploads\/2021\/12\/Impression_3D_Filament-733x1024.jpeg 733w, https:\/\/www.abantoun.com\/wp-content\/uploads\/2021\/12\/Impression_3D_Filament-215x300.jpeg 215w, https:\/\/www.abantoun.com\/wp-content\/uploads\/2021\/12\/Impression_3D_Filament-768x1073.jpeg 768w, https:\/\/www.abantoun.com\/wp-content\/uploads\/2021\/12\/Impression_3D_Filament.jpeg 916w\" sizes=\"(max-width: 733px) 100vw, 733px\" \/>\t\t\t\t\t\t\t\t\t\t\t\t\t\t\t<\/div>\n\t\t\t\t<\/div>\n\t\t\t\t\t<\/div>\n\t\t<\/div>\n\t\t\t\t<div class=\"elementor-column elementor-col-33 elementor-inner-column elementor-element elementor-element-66cc9639\" data-id=\"66cc9639\" data-element_type=\"column\" data-e-type=\"column\">\n\t\t\t<div class=\"elementor-widget-wrap elementor-element-populated\">\n\t\t\t\t\t\t<div class=\"elementor-element elementor-element-5e6a863c elementor-widget elementor-widget-heading\" data-id=\"5e6a863c\" data-element_type=\"widget\" data-e-type=\"widget\" data-widget_type=\"heading.default\">\n\t\t\t\t<div class=\"elementor-widget-container\">\n\t\t\t\t\t<h2 class=\"elementor-heading-title elementor-size-default\">D\u00e9ploiement<\/h2>\t\t\t\t<\/div>\n\t\t\t\t<\/div>\n\t\t\t\t\t<\/div>\n\t\t<\/div>\n\t\t\t\t\t<\/div>\n\t\t<\/section>\n\t\t\t\t\t<\/div>\n\t\t<\/div>\n\t\t\t\t\t<\/div>\n\t\t<\/section>\n\t\t\t\t<\/div>\n\t\t","protected":false},"excerpt":{"rendered":"<p>Impression 3D Mod\u00e9lisation 3D D\u00e9ploiement<\/p>\n","protected":false},"author":1,"featured_media":601,"parent":0,"menu_order":0,"comment_status":"closed","ping_status":"closed","template":"","meta":{"_monsterinsights_skip_tracking":false,"_monsterinsights_sitenote_active":false,"_monsterinsights_sitenote_note":"","_monsterinsights_sitenote_category":0,"neve_meta_sidebar":"default","neve_meta_container":"default","neve_meta_enable_content_width":"off","neve_meta_content_width":70,"neve_meta_title_alignment":"","neve_meta_author_avatar":"","neve_post_elements_order":"","neve_meta_disable_header":"off","neve_meta_disable_footer":"off","neve_meta_disable_title":"off","_themeisle_gutenberg_block_has_review":false,"footnotes":""},"class_list":["post-11","page","type-page","status-publish","has-post-thumbnail","hentry"],"yoast_head":"<!-- This site is optimized with the Yoast SEO plugin v26.3 - https:\/\/yoast.com\/wordpress\/plugins\/seo\/ -->\n<title>Savoir-Faire - ABA N&#039;TOUN (ANT) - OUAGADOUGOU - BURKINA FASO<\/title>\n<meta name=\"description\" content=\"Chez ABA N&#039;TOUN, notre savoir faire r\u00e9sume l&#039;ensemble de nos diff\u00e9rentes comp\u00e9tences en ing\u00e9nierie m\u00e9canique, en m\u00e9thodes et en gestion de projet\" \/>\n<meta name=\"robots\" content=\"index, follow, max-snippet:-1, max-image-preview:large, max-video-preview:-1\" \/>\n<link rel=\"canonical\" href=\"https:\/\/www.abantoun.com\/index.php\/savoir-faire\/\" \/>\n<meta property=\"og:locale\" content=\"fr_FR\" \/>\n<meta property=\"og:type\" content=\"article\" \/>\n<meta property=\"og:title\" content=\"Savoir-Faire - ABA N&#039;TOUN (ANT) - OUAGADOUGOU - BURKINA FASO\" \/>\n<meta property=\"og:description\" content=\"Chez ABA N&#039;TOUN, notre savoir faire r\u00e9sume l&#039;ensemble de nos diff\u00e9rentes comp\u00e9tences en ing\u00e9nierie m\u00e9canique, en m\u00e9thodes et en gestion de projet\" \/>\n<meta property=\"og:url\" content=\"https:\/\/www.abantoun.com\/index.php\/savoir-faire\/\" \/>\n<meta property=\"article:modified_time\" content=\"2022-01-12T20:45:41+00:00\" \/>\n<meta property=\"og:image\" content=\"https:\/\/www.abantoun.com\/wp-content\/uploads\/2019\/11\/Coordination-scaled.jpg\" \/>\n\t<meta property=\"og:image:width\" content=\"2560\" \/>\n\t<meta property=\"og:image:height\" content=\"1495\" \/>\n\t<meta property=\"og:image:type\" content=\"image\/jpeg\" \/>\n<meta name=\"twitter:card\" content=\"summary_large_image\" \/>\n<meta name=\"twitter:label1\" content=\"Dur\u00e9e de lecture estim\u00e9e\" \/>\n\t<meta name=\"twitter:data1\" content=\"1 minute\" \/>\n<script type=\"application\/ld+json\" class=\"yoast-schema-graph\">{\"@context\":\"https:\/\/schema.org\",\"@graph\":[{\"@type\":\"WebPage\",\"@id\":\"https:\/\/www.abantoun.com\/index.php\/savoir-faire\/\",\"url\":\"https:\/\/www.abantoun.com\/index.php\/savoir-faire\/\",\"name\":\"Savoir-Faire - ABA N'TOUN (ANT) - OUAGADOUGOU - BURKINA FASO\",\"isPartOf\":{\"@id\":\"https:\/\/www.abantoun.com\/#website\"},\"primaryImageOfPage\":{\"@id\":\"https:\/\/www.abantoun.com\/index.php\/savoir-faire\/#primaryimage\"},\"image\":{\"@id\":\"https:\/\/www.abantoun.com\/index.php\/savoir-faire\/#primaryimage\"},\"thumbnailUrl\":\"https:\/\/www.abantoun.com\/wp-content\/uploads\/2019\/11\/Coordination-scaled.jpg\",\"datePublished\":\"2019-11-15T18:45:43+00:00\",\"dateModified\":\"2022-01-12T20:45:41+00:00\",\"description\":\"Chez ABA N'TOUN, notre savoir faire r\u00e9sume l'ensemble de nos diff\u00e9rentes comp\u00e9tences en ing\u00e9nierie m\u00e9canique, en m\u00e9thodes et en gestion de projet\",\"inLanguage\":\"fr-FR\",\"potentialAction\":[{\"@type\":\"ReadAction\",\"target\":[\"https:\/\/www.abantoun.com\/index.php\/savoir-faire\/\"]}]},{\"@type\":\"ImageObject\",\"inLanguage\":\"fr-FR\",\"@id\":\"https:\/\/www.abantoun.com\/index.php\/savoir-faire\/#primaryimage\",\"url\":\"https:\/\/www.abantoun.com\/wp-content\/uploads\/2019\/11\/Coordination-scaled.jpg\",\"contentUrl\":\"https:\/\/www.abantoun.com\/wp-content\/uploads\/2019\/11\/Coordination-scaled.jpg\",\"width\":2560,\"height\":1495},{\"@type\":\"WebSite\",\"@id\":\"https:\/\/www.abantoun.com\/#website\",\"url\":\"https:\/\/www.abantoun.com\/\",\"name\":\"\",\"description\":\"Soci\u00e9t\u00e9 de conseil et d&#039;assistance technique en ing\u00e9nierie\",\"potentialAction\":[{\"@type\":\"SearchAction\",\"target\":{\"@type\":\"EntryPoint\",\"urlTemplate\":\"https:\/\/www.abantoun.com\/?s={search_term_string}\"},\"query-input\":{\"@type\":\"PropertyValueSpecification\",\"valueRequired\":true,\"valueName\":\"search_term_string\"}}],\"inLanguage\":\"fr-FR\"}]}<\/script>\n<!-- \/ Yoast SEO plugin. -->","yoast_head_json":{"title":"Savoir-Faire - ABA N'TOUN (ANT) - OUAGADOUGOU - BURKINA FASO","description":"Chez ABA N'TOUN, notre savoir faire r\u00e9sume l'ensemble de nos diff\u00e9rentes comp\u00e9tences en ing\u00e9nierie m\u00e9canique, en m\u00e9thodes et en gestion de projet","robots":{"index":"index","follow":"follow","max-snippet":"max-snippet:-1","max-image-preview":"max-image-preview:large","max-video-preview":"max-video-preview:-1"},"canonical":"https:\/\/www.abantoun.com\/index.php\/savoir-faire\/","og_locale":"fr_FR","og_type":"article","og_title":"Savoir-Faire - ABA N'TOUN (ANT) - OUAGADOUGOU - BURKINA FASO","og_description":"Chez ABA N'TOUN, notre savoir faire r\u00e9sume l'ensemble de nos diff\u00e9rentes comp\u00e9tences en ing\u00e9nierie m\u00e9canique, en m\u00e9thodes et en gestion de projet","og_url":"https:\/\/www.abantoun.com\/index.php\/savoir-faire\/","article_modified_time":"2022-01-12T20:45:41+00:00","og_image":[{"width":2560,"height":1495,"url":"https:\/\/www.abantoun.com\/wp-content\/uploads\/2019\/11\/Coordination-scaled.jpg","type":"image\/jpeg"}],"twitter_card":"summary_large_image","twitter_misc":{"Dur\u00e9e de lecture estim\u00e9e":"1 minute"},"schema":{"@context":"https:\/\/schema.org","@graph":[{"@type":"WebPage","@id":"https:\/\/www.abantoun.com\/index.php\/savoir-faire\/","url":"https:\/\/www.abantoun.com\/index.php\/savoir-faire\/","name":"Savoir-Faire - ABA N'TOUN (ANT) - OUAGADOUGOU - BURKINA FASO","isPartOf":{"@id":"https:\/\/www.abantoun.com\/#website"},"primaryImageOfPage":{"@id":"https:\/\/www.abantoun.com\/index.php\/savoir-faire\/#primaryimage"},"image":{"@id":"https:\/\/www.abantoun.com\/index.php\/savoir-faire\/#primaryimage"},"thumbnailUrl":"https:\/\/www.abantoun.com\/wp-content\/uploads\/2019\/11\/Coordination-scaled.jpg","datePublished":"2019-11-15T18:45:43+00:00","dateModified":"2022-01-12T20:45:41+00:00","description":"Chez ABA N'TOUN, notre savoir faire r\u00e9sume l'ensemble de nos diff\u00e9rentes comp\u00e9tences en ing\u00e9nierie m\u00e9canique, en m\u00e9thodes et en gestion de projet","inLanguage":"fr-FR","potentialAction":[{"@type":"ReadAction","target":["https:\/\/www.abantoun.com\/index.php\/savoir-faire\/"]}]},{"@type":"ImageObject","inLanguage":"fr-FR","@id":"https:\/\/www.abantoun.com\/index.php\/savoir-faire\/#primaryimage","url":"https:\/\/www.abantoun.com\/wp-content\/uploads\/2019\/11\/Coordination-scaled.jpg","contentUrl":"https:\/\/www.abantoun.com\/wp-content\/uploads\/2019\/11\/Coordination-scaled.jpg","width":2560,"height":1495},{"@type":"WebSite","@id":"https:\/\/www.abantoun.com\/#website","url":"https:\/\/www.abantoun.com\/","name":"","description":"Soci\u00e9t\u00e9 de conseil et d&#039;assistance technique en ing\u00e9nierie","potentialAction":[{"@type":"SearchAction","target":{"@type":"EntryPoint","urlTemplate":"https:\/\/www.abantoun.com\/?s={search_term_string}"},"query-input":{"@type":"PropertyValueSpecification","valueRequired":true,"valueName":"search_term_string"}}],"inLanguage":"fr-FR"}]}},"_links":{"self":[{"href":"https:\/\/www.abantoun.com\/index.php\/wp-json\/wp\/v2\/pages\/11","targetHints":{"allow":["GET"]}}],"collection":[{"href":"https:\/\/www.abantoun.com\/index.php\/wp-json\/wp\/v2\/pages"}],"about":[{"href":"https:\/\/www.abantoun.com\/index.php\/wp-json\/wp\/v2\/types\/page"}],"author":[{"embeddable":true,"href":"https:\/\/www.abantoun.com\/index.php\/wp-json\/wp\/v2\/users\/1"}],"replies":[{"embeddable":true,"href":"https:\/\/www.abantoun.com\/index.php\/wp-json\/wp\/v2\/comments?post=11"}],"version-history":[{"count":136,"href":"https:\/\/www.abantoun.com\/index.php\/wp-json\/wp\/v2\/pages\/11\/revisions"}],"predecessor-version":[{"id":1843,"href":"https:\/\/www.abantoun.com\/index.php\/wp-json\/wp\/v2\/pages\/11\/revisions\/1843"}],"wp:featuredmedia":[{"embeddable":true,"href":"https:\/\/www.abantoun.com\/index.php\/wp-json\/wp\/v2\/media\/601"}],"wp:attachment":[{"href":"https:\/\/www.abantoun.com\/index.php\/wp-json\/wp\/v2\/media?parent=11"}],"curies":[{"name":"wp","href":"https:\/\/api.w.org\/{rel}","templated":true}]}}